
False
Is 23 a composite number?
False
Is 23 a prime number?
True
Is 5414 composite?
True
Is 1067 a composite number?
True
Is 88898 prime?
False
Is 1795243 a composite number?
True
Is 33679 prime?
True
Is 11255 prime?
False
Is 71 prime?
True
Is 7019 composite?
False
Is 611791 prime?
True
Is 196067 a prime number?
False
Is 218783 a prime number?
True
Is 15871 prime?
False
Is 16841 composite?
True
Is 11299 prime?
True
Is 738581 prime?
True
Is 215299 a composite number?
True
Is 144427 prime?
True
Is 136717 composite?
True
Is 47731 a prime number?
False
Is 6197 a prime number?
True
Is 26219 prime?
False
Is 139483 a composite number?
False
Is 1363357 a prime number?
False
Is 63673 a prime number?
False
Is 26627 prime?
True
Is 247739 a prime number?
True
Is 418061 composite?
True
Is 18367 composite?
False
Is 429497 prime?
True
Is 38365 composite?
True
Is 223697 a prime number?
True
Is 326537 a composite number?
False
Is 26929 prime?
False
Is 938879 a composite number?
False
Is 95423 a composite number?
True
Is 20003 a prime number?
False
Is 1657 prime?
True
Is 256757 a prime number?
True
Is 1186439 a composite number?
False
Is 1990361 a prime number?
True
Is 24467 prime?
False
Is 841 prime?
False
Is 258691 prime?
True
Is 251 a composite number?
False
Is 56755 a composite number?
True
Is 13259 a composite number?
False
Is 92819 a prime number?
False
Is 245071 prime?
True
Is 272443 a composite number?
True
Is 11393 a prime number?
True
Is 153313 a prime number?
True
Is 98386 a composite number?
True
Is 18591 a composite number?
True
Is 31439 a prime number?
False
Is 1469 prime?
False
Is 19451 composite?
True
Is 8419 composite?
False
Is 5241 composite?
True
Is 2881 prime?
False
Is 222149 a prime number?
True
Is 473521 a composite number?
True
Is 751379 a composite number?
False
Is 1041617 prime?
True
Is 79757 a prime number?
True
Is 46573 composite?
False
Is 29221 a prime number?
True
Is 6998 a composite number?
True
Is 83797 prime?
False
Is 25523 composite?
False
Is 4555 composite?
True
Is 13681 prime?
True
Is 704629 composite?
True
Is 16799 a composite number?
True
Is 67517 a prime number?
False
Is 32649 a composite number?
True
Is 7217 a prime number?
False
Is 108201 a prime number?
False
Is 705737 a prime number?
True
Is 165131 composite?
True
Is 74353 composite?
False
Is 173573 composite?
False
Is 12687 a composite number?
True
Is 41279 prime?
False
Is 812849 composite?
False
Is 324407 composite?
True
Is 59883 a prime number?
False
Is 6349 composite?
True
Is 96953 a composite number?
False
Is 177467 a prime number?
True
Is 1563 a composite number?
True
Is 18203 composite?
True
Is 8633 composite?
True
Is 348299 composite?
True
Is 3989 prime?
True
Is 63197 a prime number?
True
Is 216941 a composite number?
True
Is 7411 prime?
True
Is 23726 a composite number?
True
Is 13537 a composite number?
False
Is 56983 a composite number?
False
Is 29269 a prime number?
True
Is 413 composite?
True
Is 80113 a prime number?
False
Is 13649 prime?
True
Is 38587 a prime number?
False
Is 14897 prime?
True
Is 1746715 a prime number?
False
Is 4283 composite?
False
Is 341158 a composite number?
True
Is 14493 composite?
True
Is 1455491 prime?
True
Is 41759 a composite number?
False
Is 44287 a composite number?
True
Is 26807 a composite number?
True
Is 12097 composite?
False
Is 47051 composite?
False
Is 679 a prime number?
False
Is 2333 prime?
True
Is 6686 prime?
False
Is 17737 prime?
True
Is 55661 a prime number?
True
Is 889 a composite number?
True
Is 487639 prime?
False
Is 356641 a prime number?
False
Is 411157 prime?
True
Is 3164933 composite?
True
Is 23645 composite?
True
Is 84953 composite?
True
Is 18817 composite?
True
Is 688097 a prime number?
True
Is 121913 a prime number?
False
Is 489061 prime?
True
Is 7799 a composite number?
True
Is 1745 prime?
False
Is 99857 prime?
False
Is 3607 composite?
False
Is 339169 prime?
False
Is 128393 prime?
True
Is 529315 a prime number?
False
Is 1002173 a prime number?
True
Is 1358021 prime?
False
Is 11509 prime?
False
Is 15421 prime?
False
Is 55649 a composite number?
True
Is 194647 a composite number?
False
Is 56393 a prime number?
True
Is 42095 prime?
False
Is 14435 a composite number?
True
Is 1249 a composite number?
False
Is 57 prime?
False
Is 176831 prime?
False
Is 16519 composite?
False
Is 4303 composite?
True
Is 5099 prime?
True
Is 1474961 prime?
True
Is 445261 prime?
True
Is 653083 composite?
False
Is 37463 composite?
False
Is 212183 prime?
True
Is 1133893 a composite number?
False
Is 442721 a prime number?
True
Is 97778 prime?
False
Is 8677 composite?
False
Is 719953 prime?
False
Is 118849 a composite number?
True
Is 272839 a prime number?
False
Is 57053 composite?
True
Is 312343 a prime number?
True
Is 33503 a composite number?
False
Is 1745581 a prime number?
True
Is 584767 composite?
False
Is 16411 a prime number?
True
Is 41719 composite?
False
Is 421583 a composite number?
True
Is 86069 a composite number?
False
Is 405451 composite?
True
Is 227793 prime?
False
Is 7593 composite?
True
Is 19939 prime?
False
Is 491 a composite number?
False
Is 62459 prime?
True
Is 4339 composite?
False
Is 4861 prime?
True
Is 2195 prime?
False
Is 82157 composite?
True
Is 61141 a prime number?
True
Is 34841 prime?
True
Is 712399 composite?
True
Is 23915 composite?
True
Is 15767 a prime number?
True
Is 158687 a prime number?
False
Is 3865 composite?
True
Is 9707 composite?
True
Is 14642 a composite number?
True
Is 24286 a composite number?
True
Is 3215359 a prime number?
False
Is 392501 a prime number?
False
Is 18947 a prime number?
True
Is 6609 prime?
False
Is 3149051 prime?
True
Is 6619 prime?
True
Is 26083 a prime number?
True
Is 16449 a composite number?
True
Is 86381 a prime number?
True
Is 2278631 prime?
True
Is 16087 a composite number?
False
Is 7478 a composite number?
True
Is 8114 a prime number?
False
Is 3155 a prime number?
False
Is 39335 prime?
False
Is 3981 prime?
False
Is 2563 a composite number?
True
Is 1329 a prime number?
False
Is 190721 prime?
False
Is 223999 a composite number?
False
Is 76417 composite?
True
Is 136987 composite?
False
Is 1543 prime?
True
Is 479657 a prime number?
False
Is 189281 a prime number?
False
Is 29243 composite?
False
Is 503689 a prime number?
False
Is 18373 a prime number?
False
Is 91909 prime?
True
Is 8161 prime?
True
Is 107197 composite?
False
Is 259399 composite?
True
Is 10531 prime?
True
Is 45295 a prime number?
False
Is 241489 a composite number?
False
Is 18413 a composite number?
False
Is 662617 composite?
False
Is 154093 a composite number?
True
Is 35069 a prime number?
True
Is 23781 prime?
False
Is 10476067 prime?
False
Is 735809 prime?
True
Is 132241 composite?
False
Is 7403 a prime number?
False
Is 1452377 a prime number?
True
Is 5147 a composite number?
False
Is 502121 a composite number?
False
Is 26921 prime?
True
Is 2183 prime?
False
Is 11389 a composite number?
True
Is 11335 composite?
True
Is 166057 a composite number?
True
Is 4817 a composite number?
False
Is 21767 prime?
True
Is 24901 prime?
False
Is 30061 a prime number?
False
Is 173429 a composite number?
False
Is 71183 prime?
False
Is 9643 a prime number?
True
Is 5257 prime?
False
Is 73391 prime?
False
Is 72017 a composite number?
True
Is 12071 composite?
False
Is 221393 composite?
False
Is 609029 a prime number?
False
Is 45989 a composite number?
False
Is 18937 a composite number?
True
Is 78877 a composite number?
False
Is 11797 a composite number?
True
Is 22051 a composite number?
False
Is 3252741 composite?
True
Is 892709 composite?
False
Is 226313 a prime number?
True
Is 21869 a prime number?
False
Is 1242269 prime?
False
Is 21427 composite?
True
Is 136457 a prime number?
False
Is 8009 composite?
False
Is 78619 a composite number?
True
Is 24907 composite?
False
Is 12219 prime?
False
Is 450797 composite?
False
Is 12659 a prime number?
True
Is 220121 a composite number?
True
Is 4197 a prime number?
False
Is 32647 prime?
True
Is 50678 a composite number?
True
Is 150343 prime?
True
Is 741397 a prime number?
False
Is 73199 composite?
True
Is 18101 a composite number?
True
Is 5227 prime?
True
Is 205385 a prime number?
False
Is 23906 prime?
False
Is 23417 composite?
False
Is 144559 composite?
True
Is 278363 a composite numbe